8, what is -10436345504 - -2?
-10436345502
In base 8, what is 105 - -333720?
334025
In base 4, what is 110 - -301020311?
301021021
In base 8, what is 1351317 + 17?
1351336
In base 4, what is 12231322032 + -3?
12231322023
In base 12, what is -7 + -399148?
-399153
In base 10, what is -4 + 41785?
41781
In base 16, what is -71f7 + bfe?
-65f9
In base 12, what is 8651361 - 1?
8651360
In base 6, what is -11 + -33455451?
-33455502
In base 2, what is -101 - 110100100001101100000100111?
-110100100001101100000101100
In base 2, what is -101011110010110011010011 + 100?
-101011110010110011001111
In base 9, what is 845 - -21237?
22183
In base 2, what is -100111 - 10001111011110011110?
-10001111011111000101
In base 3, what is -10120 - 20120220021?
-20121000211
In base 7, what is 1152 - 24041?
-22556
In base 11, what is 5 - 377686?
-377681
In base 12, what is 5 - -1124221?
1124226
In base 6, what is 1025 - -33201224?
33202253
In base 11, what is 57a - 4732?
-4163
In base 8, what is -446 - 40420?
-41066
In base 4, what is -20132223 - 3121002?
-23313231
In base 10, what is 0 - -8129678?
8129678
In base 13, what is 55598 - 169a?
53bcb
In base 11, what is 60a26843 - 1?
60a26842
In base 13, what is -16139c + 20?
-16137c
In base 3, what is 120212220222 - -102?
120212221101
In base 8, what is 71031242 - -1?
71031243
In base 2, what is -100010110001001 - 10000010010?
-100100110011011
In base 5, what is 14341 + 2432422?
3002313
In base 7, what is 1356562 + -11?
1356551
In base 12, what is -a8bb + 4?
-a8b7
In base 16, what is -3 - 24bdc11?
-24bdc14
In base 10, what is 3497 - -55734?
59231
In base 4, what is -323211001012 - -11?
-323211001001
In base 11, what is 26161 + -3a56?
22206
In base 6, what is -3 - 11351111014?
-11351111021
In base 14, what is -319 - -5d9b?
5a82
In base 10, what is 7 - -51855?
51862
In base 16, what is f - 262f0?
-262e1
In base 7, what is 13 + -603636?
-603623
In base 12, what is 26183a + 30?
26186a
In base 14, what is 24a22 - 13?
24a0d
In base 16, what is 19044e - -9?
190457
In base 11, what is -62 + -2a5006?
-2a5068
In base 7, what is -243 - -403335?
403062
In base 10, what is -1718946 - 2?
-1718948
In base 5, what is -1020 - -2112100?
2111030
In base 12, what is 3 + -19b0771?
-19b076a
In base 8, what is 10662615 + 32?
10662647
In base 7, what is -13100 + -2021?
-15121
In base 3, what is -121221222210212101 + 10?
-121221222210212021
In base 8, what is -20073 - -6266?
-11605
In base 14, what is 36d77 + -3b0?
369a7
In base 6, what is -122321330 - 10?
-122321340
In base 6, what is -4400 - -330343?
321543
In base 12, what is 245456 + 70?
245506
In base 3, what is -1020110220012012 - 1?
-1020110220012020
In base 11, what is -2 + -403660?
-403662
In base 7, what is -1211 - -210115?
205604
In base 8, what is 25355 + 334661?
362236
In base 16, what is b1152 + 1?
b1153
In base 4, what is 1 + 1203121200011?
1203121200012
In base 2, what is 110101111110010010110 - 0?
110101111110010010110
In base 6, what is 2010250 + -55?
2010151
In base 2, what is -100001001111111111010001011 - -101?
-100001001111111111010000110
In base 16, what is -5 + -8748fbf?
-8748fc4
In base 7, what is -53000130 + -33?
-53000163
In base 6, what is 314431004 + 1?
314431005
In base 14, what is b - 40b437?
-40b42a
In base 10, what is 4 - 2222287?
-2222283
In base 8, what is 3 + -322127145?
-322127142
In base 12, what is 3 + 11a88687?
11a8868a
In base 10, what is -93 + -1668864?
-1668957
In base 16, what is 16e6f8 + 19?
16e711
In base 13, what is 3 - 690254c?
-6902549
In base 10, what is 4052 + -417?
3635
In base 11, what is -3 + 28405?
28402
In base 8, what is 3052423 - 25?
3052376
In base 15, what is bc02 - -7dc3?
14ac5
In base 10, what is -3816791 - 3?
-3816794
In base 12, what is -7346aa + 2?
-7346a8
In base 7, what is -11 + -4656642?
-4656653
In base 15, what is 158 + -1e952?
-1e7e9
In base 2, what is -101 - -110001001100001111?
110001001100001010
In base 13, what is 118987 + -568?
11841c
In base 4, what is -2 - -221302101120?
221302101112
In base 3, what is 1110201 - -10002202002?
10011012210
In base 12, what is -8608b9 - 1?
-8608ba
In base 14, what is 7adcb7 - -5?
7adcbc
In base 7, what is -46162610 + -53?
-46162663
In base 7, what is -21 + -100051460?
-100051511
In base 2, what is 10010110010001111011000 + 0?
10010110010001111011000
In base 3, what is 210021200221012 - -11?
210021200221100
In base 8, what is -1450552031 - 4?
-1450552035
In base 8, what is -56573 - 7260?
-66053
In base 5, what is 10 + -43003230411?
-43003230401
In base 3, what is -22010102 - 10122111111?
-10221121220
In base 11, what is 4132202 - 3?
41321aa
In base 12, what is 64b806 + -69?
64b759
In base 11, what is 2 + -832915?
-832913
In base 2, what is -101011110100100011010 - 100?
-101011110100100011110
In base 9, what is -5 + -16683608?
-16683614
In base 15, what is 25a8e0e - 3?
25a8e0b
In base 15, what is -167e0d9b + 6?
-167e0d95
In base 9, what is 313012 - 28?
312873
In base 13, what is 4 + -135bca?
-135bc6
In base 3, what is 10000002 + -122212020?
-112212011
In base 16, what is -9eccd + 46?
-9ec87
In base 10, what is -580244 - 9?
-580253
In base 12, what is -17a94 + 57?
-17a39
In base 11, what is 7462 + -a48?
6515
In base 10, what is -55023 - -1162?
-53861
In base 3, what is 1111010102211202 + -1112?
1111010102210020
In base 3, what is -1000 + -202220122100?
-202220200100
In base 8, what is -11 - -21765734?
21765723
In base 15, what is 4506 - 5840?
-1339
In base 13, what is -1c6064b - -2?
-1c60649
In base 7, what is 4 - 140000135?
-140000131
In base 14, what is -375 + 791d?
7588
In base 7, what is 114662306 + -2?
114662304
In base 7, what is -165 - 31442010?
-31442205
In base 16, what is b - 15c0fc6?
-15c0fbb
In base 12, what is -228a07 + b?
-2289b8
In base 6, what is 11121355343 + 4?
11121355351
In base 12, what is -bb14 - -2035?
-9a9b
In base 15, what is -2439 - 8c5?
-2d0e
In base 2, what is -111001000111101011111 + 10?
-111001000111101011101
In base 15, what is -1 + 1b7408?
1b7407
In base 13, what is -1 + -1963b60?
-1963b61
In base 2, what is -10001 - 100100101101111101010110101?
-100100101101111101011000110
In base 9, what is -27235327 - 4?
-27235332
In base 10, what is -3978808 - 0?
-3978808
In base 4, what is -2032110213013 + 101?
-2032110212312
In base 7, what is -101200 - -46?
-101121
In base 2, what is 1101110010111001 - 1010101110?
1101101000001011
In base 13, what is -154b90a - -2?
-154b908
In base 7, what is 21545 - 121252?
-66404
In base 6, what is -45452504 - 4?
-45452512
In base 11, what is -140826 + -921?
-141647
In base 14, what is -a - aac71?
-aac7b
In base 9, what is 22372374 - -4?
22372378
In base 5, what is 2414340042311 - -10?
2414340042321
In base 8, what is 0 + -2674026070?
-2674026070
In base 7, what is -2355005 + 35?
-2354640
In base 6, what is 5523405 - -315?
5524124
In base 12, what is 100bb501 + 11?
100bb512
In base 3, what is -200 - 10212211020111?
-10212211021011
In base 16, what is 2 + 6e5933?
6e5935
In base 14, what is 5 - 189c552?
-189c54b
In base 7, what is -4 - 2620335605?
-2620335612
In base 9, what is 3 - 86600654?
-86600651
In base 4, what is -13 + -330220312?
-330220331
In base 9, what is -23 + -106666732?
-106666755
In base 6, what is -21 - -525303230?
525303205
In base 16, what is 981c + ec6?
a6e2
In base 6, what is 1 - 1211305350?
-1211305345
In base 12, what is 1482 - -30b4?
4576
In base 12, what is 369534 - 2?
369532
In base 12, what is 194a7053 - -3?
194a7056
In base 7, what is -3522665 + -144?
-3523142
In base 6, what is -33200050334 + 3?
-33200050331
In base 5, what is 322111103 - 3040?
322103013
In base 12, what is -2 - -5b29719?
5b29717
In base 6, what is -533003020 + -1?
-533003021
In base 14, what is -1 - -186b490?
186b48d
In base 3, what is 10011122111 + 21002011?
10102201122
In base 5, what is -2241342210 + 1?
-2241342204
In base 2, what is -10101100101010101001001 - 100?
-10101100101010101001101
In base 5, what is -22004013040 + -13?
-22004013103
In base 16, what is 927 - 79c?
18b
In base 9, what is -105225 + -685?
-106021
In base 11, what is -14 + -11309038?
-11309051
In base 7, what is 34065 - 33224?
541
In base 15, what is 2 + -3428be?
-3428bc
In base 16, what is -28 + ca49ab?
ca4983
In base 7, what is 145 + 546450?
546625
In base 9, what is 